What is l(22)?
536
Let t(w) = 1967*w - 23473. What is t(12)?
131
Let x(z) = -479*z - 19259. What is x(-40)?
-99
Let g(w) = 1610*w**2 - 897*w - 897. Calculate g(-1).
1610
Let v(l) = 17688*l + 353750. Give v(-20).
-10
Let d(r) = 19*r**2 + 959*r + 320. Determine d(-53).
2864
Let s(n) = -3*n**3 - 307*n**2 - 99*n - 511. Determine s(-102).
-817
Let m(r) = -415*r**2 - 7*r - 5. Determine m(1).
-427
Let l(m) = 2*m**3 - 125*m**2 - 75*m + 91. What is l(63)?
-665
Let w(d) = d**3 + 2*d**2 - 11490*d + 57413. Calculate w(5).
138
Let v(k) = k**3 + 47*k**2 - 529*k - 13993. Determine v(-52).
-5
Let c(u) = -u**3 - 26*u**2 - 361*u - 6760. Give c(-23).
-44
Let w(z) = 1029*z**2 - 5084*z - 5087. Give w(-1).
1026
Let k(g) = 101*g - 17471. What is k(173)?
2
Let r(w) = 12388*w - 210557. Give r(17).
39
Let m(z) = 14207*z + 355176. What is m(-25)?
1
Let u(t) = t**3 - 151*t**2 + 2202*t + 14920. Give u(-5).
10
Let c(k) = 217559*k - 2828260. Determine c(13).
7
Let o(f) = f**3 - 26*f**2 + 46*f + 56. Calculate o(23).
-473
Let c(r) = 634*r - 38463. Calculate c(59).
-1057
Let b(k) = 5*k**3 - 39*k**2 - 338*k + 2550. What is b(7)?
-12
Let h(l) = -149*l + 3615. Give h(14).
1529
Let i(v) = -3040*v - 81924. Give i(-27).
156
Let y(c) = 10*c**2 + 3412*c + 4522. Calculate y(-340).
442
Let t(f) = -f**3 - 115*f**2 - 1970*f + 363. Calculate t(-94).
-13
Let d(i) = 5629*i - 35105. Calculate d(6).
-1331
Let n(p) = -p**2 - 456*p - 37581. What is n(-348)?
3
Let r(h) = -16685*h - 50040. Calculate r(-3).
15
Let h(y) = -y**2 - 74919*y + 449555. Determine h(6).
5
Let d(h) = -h**3 + 36*h**2 + 19218*h - 727400. Give d(38).
-4
Let n(o) = 3622*o - 54290. Give n(15).
40
Let o(x) = -x**3 - 50*x**2 + 84*x + 1137. Calculate o(-51).
-546
Let g(y) = 41*y - 3740. Calculate g(98).
278
Let f(k) = k**3 - 29*k**2 - 4394*k + 130844. Determine f(30).
-76
Let z(o) = 61*o**2 - 75*o - 6868. Give z(-10).
-18
Let g(t) = t**3 - 246*t**2 + 3290*t - 9736. Calculate g(232).
8
Let m(q) = 496*q + 52006. Calculate m(-105).
-74
Let m(u) = -u**3 + 35*u**2 - 17*u + 254. Determine m(34).
832
Let z(w) = -40*w**3 - 4*w**2 + 72*w - 195. Calculate z(3).
-1095
Let v(o) = 203757*o - 8150276. Give v(40).
4
Let v(c) = -15589*c - 62170. What is v(-4)?
186
Let d(x) = 5*x**3 + 1222*x**2 + 497*x + 1907. Calculate d(-244).
-289
Let u(x) = -831*x + 27412. Give u(33).
-11
Let s(a) = 2*a**3 - 162*a**2 - 259*a + 7783. Determine s(82).
-7
Let w(p) = -p**2 + 623*p + 16236. Determine w(-25).
36
Let i(k) = k**3 - 10*k**2 + 18*k - 156. Give i(0).
-156
Let i(t) = t**2 - 29*t + 408. What is i(46)?
1190
Let r(k) = -k**3 - 57*k**2 + 140*k + 1285. What is r(-59)?
-13
Let x(c) = -4*c**2 + 11393*c + 102815. What is x(-9)?
-46
Let y(b) = -b**2 - 876*b - 36556. What is y(-44)?
52
Let d(l) = l**3 - 22*l**2 - 19*l - 1192. Calculate d(19).
-2636
Let o(z) = 55*z**2 - 2209*z + 356. Calculate o(40).
-4
Let s(v) = -25212*v + 50407. Determine s(2).
-17
Let l(b) = 272*b + 13957. Give l(-51).
85
Let g(d) = 23813*d + 333326. Give g(-14).
-56
Let z(b) = -53*b**2 - 27650*b + 8476. Determine z(-522).
124
Let y(o) = o**3 - 82*o**2 - 1723*o + 4077. Give y(99).
117
Let w(c) = -1018*c**2 - 44792*c + 32. What is w(-44)?
32
Let v(d) = -861*d**3 + 9*d**2 + 3*d - 2. Determine v(-1).
865
Let j(v) = 374*v + 196. Give j(2).
944
Let q(r) = -1038*r + 971. What is q(1)?
-67
Let q(p) = 63202*p + 1327252. Calculate q(-21).
10
Let c(h) = -h**3 + 62*h**2 - 704*h - 31. What is c(47)?
16
Let i(p) = 4*p**3 - 16*p**2 - 116*p + 904. Determine i(8).
1000
Let y(o) = -122718*o - 858930. What is y(-7)?
96
Let f(v) = 3*v**3 - 12*v**2 + 3*v - 11. Calculate f(4).
1
Let u(q) = 2771*q + 24308. What is u(-9)?
-631
Let g(h) = 13*h**2 + 1452*h - 5803. Determine g(4).
213
Let m(g) = 38*g**2 + 1000*g + 4637. What is m(-6)?
5
Let w(q) = 370*q**2 + 4422*q + 208. Determine w(-12).
424
Let d(h) = 90862*h - 1635479. Determine d(18).
37
Let h(g) = 360*g**2 - 2674*g - 130. Determine h(8).
1518
Let f(z) = -7*z**3 + 53*z**2 - 1218*z + 2277. Give f(2).
-3
Let b(n) = -n**3 - 36*n**2 - 56*n - 808. Calculate b(-35).
-73
Let x(n) = 366*n + 51677. Determine x(-141).
71
Let i(k) = -1634*k + 4722. Calculate i(3).
-180
Let l(q) = 10*q**3 + 64*q**2 + 48*q - 97. Calculate l(-7).
-727
Let a(j) = -20*j**2 - 45*j + 249. Calculate a(9).
-1776
Let m(w) = -2*w**2 + 376*w + 51493. What is m(-92)?
-27
Let i(b) = 16*b**3 + 4321*b**2 + 286*b + 4390. What is i(-270)?
70
Let h(g) = -1006*g + 8416. Calculate h(7).
1374
Let t(b) = b**3 + 27*b**2 + 2340*b - 37193. Give t(13).
-13
Let y(m) = -m**3 - 26*m**2 + 4586*m + 354. Determine y(56).
18
Let x(c) = 63*c - 1061. Calculate x(10).
-431
Let c(h) = h**3 + 45*h**2 - 18766*h - 14484. Calculate c(-161).
6
Let k(u) = -3*u**2 + 260*u + 578. What is k(0)?
578
Let z(k) = 114*k**2 - 1724*k + 230. What is z(15)?
20
Let d(v) = 1165*v + 236487. Determine d(-203).
-8
Let m(t) = -2*t**2 + 146*t + 11934. Calculate m(120).
654
Let j(k) = -k**2 + 6*k - 30. Give j(-20).
-550
Let n(l) = l**3 + 421*l**2 + 4510*l - 72. Determine n(-410).
-72
Let c(s) = 19084*s - 9026741. What is c(473)?
-9
Let s(q) = -q**3 + 14642*q**2 - 87815*q - 8. Give s(6).
-2
Let d(r) = 223191*r - 446388. Calculate d(2).
-6
Let w(h) = -24*h**2 + 1842*h - 43. What is w(78)?
-2383
Let j(m) = 9*m**2 - 4101*m - 28743. Calculate j(-7).
405
Let a(r) = -53178*r - 159544. Give a(-3).
-10
Let n(r) = 1064*r + 314787. Give n(-296).
-157
Let b(c) = 472*c - 736. Determine b(3).
680
Let v(d) = 20*d**3 - 2093*d**2 + 1359*d - 256. Give v(104).
472
Let m(d) = 3*d**3 + 952*d**2 + 14750*d + 42. What is m(-301)?
-259
Let u(c) = -7*c**2 - 69*c - 25. Give u(-9).
29
Let m(a) = a**3 - 55*a**2 + 178*a - 1017. Give m(52).
127
Let x(r) = r**2 + 10846*r + 2711033. Determine x(-256).
-7
Let n(p) = -7*p**2 - 150*p + 11. Give n(-21).
74
Let f(i) = 20833*i - 2458403. Calculate f(118).
-109
Let h(p) = -128215*p + 28976592. Determine h(226).
2
Let i(u) = -u**2 + 1317*u + 34917. Calculate i(-26).
-1
Let z(t) = 6484*t - 6639616. What is z(1024)?
0
Let z(q) = q**2 - 65*q + 9. Calculate z(49).
-775
Let p(h) = -401*h + 40078. Calculate p(100).
-22
Let h(d) = -2*d**3 - 553*d**2 - 37521*d + 311. Calculate h(-157).
-3
Let a(i) = i**3 + 463*i**2 + 731*i + 338470. What is a(-463)?
17
Let p(n) = -14*n**2 - 154*n - 72. Calculate p(-4).
320
Let p(o) = -1380*o - 33259. Calculate p(-19).
-7039
Let b(y) = -484*y + 4321. Calculate b(9).
-35
Let a(s) = -6*s**2 - 21*s + 34. Determine a(6).
-308
Let w(i) = 1033*i - 1236. Determine w(1).
-203
Let v(o) = 34*o**2 + 242*o - 132. What is v(-10)?
848
Let t(r) = r**2 + 5217*r + 201639. Determine t(-39).
-303
Let y(i) = -118327*i + 6034726. Give y(51).
49
Let g(u) = -2876*u**2 - 37380*u + 30. Determine g(-13).
-74
Let i(l) = -l**3 + 82*l**2 - 1427*l + 1500. Determine i(23).
-110
Let f(x) = -x**2 + 12925*x + 935777. What is f(-72)?
-7
Let c(z) = -z**3 - 500*z**2 - 9139*z. What is c(-481)?
0
Let i(p) = 132*p**3 - 135*p**2 - 4*p + 9. Determine i(3).
2346
Let i(j) = -2046*j - 18428. Give i(-7).
-4106
Let i(q) = -q**3 - 97*q**2 - 61*q + 3225. Give i(-96).
-135
Let o(z) = -2905*z + 148139. Calculate o(51).
-16
Let d(r) = 407*r - 3570. Calculate d(10).
500
Let o(y) = 253*y + 2610. Give o(-9).
333
Let a(i) = i**3 - 13*i**2 - 2768*i + 24907. What is a(9)?
-329
Let b(p) = -p**3 + 68*p**2 - 1197*p + 1846. Give b(37).
-4
Let o(q) = q**3 - 350*q**2 + 5344*q - 105. Determine o(334).
-105
Let c(k) = 2293*k + 96308. Determine c(-42).
2
Let c(p) = -p**3 - 94*p**2 - 2022*p - 353. Calculate c(-61).
196
Let o(v) = v**2 - 11*v - 14806. Calculate o(128).
170
Let p(h) = -h**3 + 47*h**2 - 187*h - 3705. Determine p(40).
15
Let i(g) = -24449*g - 48947. Determine i(-2).
-49
Let y(s) = -s**3 - 5062*s**2 + 432265*s - 52. Give y(84).
32
Let m(j) = -3391*j**2 + 33914*j - 36. What is m(10)?
4
Let y(v) = -v**3 - 122*v**2 + 233*v - 1777. Give y(-124).
83
Let r(z) = -58958*z - 235882. What is r(-4)?
-50
Let m(a) = -4946*a + 113133. Give m(23).
-625
Let r(w) = 30483*w**2 + 731591*w - 24. Calculate r(-24).
0
Let t(p) = -9805424*p + 19610853. Calculate t(2).
5
Let w(u) = -u**2 + 37*u + 19390. Calculate w(159).
-8
Let b(i) = 5905*i + 29689. What is b(-5)?
164
Let k(l) = 3*l**3 + 4*l**2 + 9475*l - 9476. What is k(1)?
6
Let d(u) = u**2 + 66*u - 37681. Calculate d(164).
39
Let v(f) = -4*f**